w) = 2*w + 2. Let l be u(8). Suppose 3*i - l = 78. Calculate the highest common divisor of 32 and i.
32
Let t(p) = -p**3 - 13*p**2 + 135*p + 15. Let g be t(-20). What is the highest common divisor of g and 10?
5
Suppose 4*w - 3*t = -247, -2*t - 117 = 2*w + 3*t. Let u = -25 - w. Let l(s) = -s**2 + 18*s - 52. Let o be l(14). What is the greatest common factor of o and u?
4
Let f = -372 - -422. What is the highest common divisor of 20 and f?
10
Let l = -17 - -7. Let f be (-3 + (-26)/l)*-10. Suppose f*r + 13 - 189 = 0. What is the greatest common divisor of 11 and r?
11
Let i be (-115)/(-690)*(7 - 1). Calculate the greatest common factor of i and 59.
1
Suppose -44*w - 936 = -52*w. Calculate the highest common divisor of w and 2223.
117
Suppose 608 = 3*n - 4*x, -25*n - 2*x + 996 = -20*n. What is the greatest common factor of n and 32?
8
Let h = -38 + 60. Let z be (5*1/(-2))/((-2)/4). Suppose -188 - h = -z*r. Calculate the greatest common factor of 7 and r.
7
Let t be (1/3)/((-2)/(-78)). Let z be (43 - (4 + 0))/1. What is the greatest common divisor of t and z?
13
Let r = -29 + 31. Suppose 0 = -r*g + 2 + 12. Calculate the highest common divisor of g and 77.
7
Let s be 1 + (-86)/(-4) - (-4)/8. What is the greatest common factor of 437 and s?
23
Let j = -388 - -391. Calculate the greatest common factor of j and 2.
1
Let c be 1484/6 + (-10)/(-15). Suppose g - 3*g = 2*f - 60, 154 = 5*f + g. Calculate the highest common factor of f and c.
31
Suppose 0 = -q + 128 + 53. Suppose -2*p - 163 = 43. Let i = q + p. What is the highest common divisor of i and 13?
13
Let d = -263 + 445. Calculate the highest common factor of d and 7.
7
Suppose 140*r - 163*r = -92. Calculate the highest common factor of 13 and r.
1
Suppose 5*y - x = 2525 + 2739, 0 = 4*y + 3*x - 4215. What is the greatest common factor of y and 39?
39
Let v = 26 + 56. Calculate the greatest common factor of 205 and v.
41
Let m(k) be the third derivative of -5*k**4/24 - 3*k**3/2 + 5*k**2. Let g be m(-3). What is the greatest common factor of g and 2?
2
Suppose 1122 = 5*k + 712. Calculate the highest common factor of 902 and k.
82
Let z = -1642 + 1726. What is the greatest common divisor of z and 180?
12
Let f(u) = 9*u - 1. Suppose 1 = -4*y + 5*y. Let p be f(y). Calculate the greatest common divisor of 12 and p.
4
Suppose 8*w - 767 = 97. Calculate the greatest common factor of w and 24.
12
Let q be -4 - 35/(280/(-3072)). What is the highest common factor of q and 608?
76
Suppose 27*i - 57 = 25*i - 3*v, 0 = 2*i + 4*v - 56. Calculate the highest common factor of i and 75.
15
Let i be 563 - (7 + 4 + -6). Let r = i + -283. Calculate the greatest common factor of r and 25.
25
Let z = -220 - -255. Calculate the greatest common divisor of 7 and z.
7
Suppose -5*h = -25, 16*a - 17*a = 3*h - 690. What is the highest common factor of a and 27?
27
Let r(x) = x**3 - 4*x**2 - 6*x + 5. Let p be r(7). Suppose p = 2*g + 5*k, -2*k - 196 = -4*g - 6*k. What is the greatest common factor of g and 18?
9
Let t(z) = z**3 + 11*z**2 - 25*z + 17. Let y be t(-13). What is the highest common factor of 8 and y?
4
Let y be 2/9 - 140/(-18). Suppose 0*b = -b - 36. Let g be b/y*2/(-3). Calculate the greatest common divisor of 27 and g.
3
Let y = 139 - 137. What is the highest common factor of 14 and y?
2
Let u(t) = -4*t**2 - 6146 + t**3 + 6146 - 3*t. Let b be u(6). What is the greatest common divisor of 36 and b?
18
Let y(l) = l**3 - 8*l**2 - 9*l + 3. Let x be y(9). Suppose 0 = -5*g + c + 127, -2*g + 2*c = -x*c - 60. What is the greatest common factor of g and 275?
25
Let p be 6/(-21)*(-141 - 13). Calculate the greatest common factor of 28 and p.
4
Let r(k) = 119*k**3 - 2*k**2 + 5*k - 3. Suppose 7*f - 23 + 16 = 0. Let j be r(f). Calculate the greatest common factor of j and 7.
7
Let x(m) = m - 10. Let w be x(12). Suppose 0 = j + w*j - 252. What is the highest common divisor of 28 and j?
28
Let b be (-6)/((-7)/4 + 1). Let f = 78 - 1. Let a = 141 - f. Calculate the greatest common factor of a and b.
8
Let f = 500 - 80. Suppose -11*i + f = -7*i. Calculate the greatest common divisor of i and 42.
21
Suppose -3*c + 6 = 2*o - o, -3*o + c + 48 = 0. Let a = o + 15. Calculate the highest common factor of a and 6.
6
Suppose 2*y = -y + 39. Let s = -41 + 43. Suppose -4*l + 488 = -4*u, -3*l + u + 590 = s*l. What is the highest common divisor of y and l?
13
Let m = -221 - -261. Calculate the greatest common divisor of 760 and m.
40
Let h be 2164/54 + (-46)/621. Calculate the highest common factor of h and 104.
8
Let w be (-4)/(108/(-669)) + (-8)/(-36). Suppose 0 = 4*l - 4*r - 76, 3*l - 5*r - 35 = 2*l. Suppose d + l = 4*d. Calculate the highest common divisor of w and d.
5
Let h be -1 + 5/20 - (-32824)/32. Calculate the highest common factor of 25 and h.
25
Let b = -29 - -65. Suppose 4*n - 5*q = 0, 4*q - 21 = -2*n + n. Suppose n*k + 16 - 136 = 0. Calculate the highest common factor of b and k.
12
Let v(l) be the second derivative of -l**4/12 + 5*l**3/6 + l**2 - 11*l. Let h be v(5). What is the highest common factor of 3 and h?
1
Let m(g) = -g**3 + 7*g**2 + 3*g - 10. Let w be m(7). Let o(v) = 7*v - 55. Let c be o(w). What is the greatest common factor of c and 22?
22
Let h(j) = 2*j - 19. Suppose -7*f + 2*x + 63 = -2*f, -49 = -3*f + 4*x. Let m be h(f). What is the greatest common factor of 15 and m?
3
Let d = -56 - -145. Let m = -74 + d. What is the highest common divisor of m and 15?
15
Suppose 0 = -7*v + 5*v - 8, -5*v = -3*w + 506. Calculate the greatest common divisor of w and 81.
81
Suppose -4384 = -10*g + 6286. What is the greatest common divisor of g and 11?
11
Suppose -r - 10 = -3*r. Suppose -6 = -2*g - p - 1, 5*p = r*g - 5. Let b be 6 + -4 - 4*-5. What is the greatest common factor of b and g?
2
Suppose 0*i + 4*i = 0. Suppose i = -4*w + 11 + 17. Let m(c) = -204*c + 1449. Let g be m(7). Calculate the highest common divisor of w and g.
7
Let g be (25 - 32)*1*2/(-2). What is the highest common factor of g and 5?
1
Suppose -7*q + 27*q = 520. Calculate the highest common factor of q and 52.
26
Suppose 4 = -c + 2*b + 2, b = -c + 1. Suppose c = -0*k - 2*k + 24. Let z(r) = 3*r**2 + 7*r - 6. Let q be z(-6). What is the highest common factor of k and q?
12
Let v(l) = 42*l. Let o be v(1). Suppose 53 = 4*i + q, 3*i = -3*q - 0*q + 33. Calculate the greatest common factor of i and o.
14
Suppose -x + 33 = x - 3*c, 2*x = -c + 13. Calculate the greatest common factor of 36 and x.
9
Let y = -1099 - -1684. What is the greatest common factor of y and 468?
117
Suppose 6*t - 25*t + 2907 = 0. What is the highest common factor of t and 9?
9
Suppose 136 = 3*p + 3*n + 13, 4*n + 164 = 4*p. What is the greatest common divisor of p and 328?
41
Let b be ((-27)/(-108))/(2 - (-45)/(-24)). What is the greatest common divisor of 64 and b?
2
Suppose 3*r + 4 = -0*z + z, -r + 20 = 5*z. Suppose z*d = 6*d - 208. Calculate the highest common factor of d and 13.
13
Suppose -118 - 6 = -3*o + m, 2*o - 76 = -m. Suppose -2*w = 1 - 21. What is the greatest common factor of w and o?
10
Let p = 2 - -26. Suppose p = 2*c + 2*c. Calculate the greatest common factor of c and 63.
7
Let o(p) = 15*p**2 - p. Let g be o(1). Let c be (-689)/(-7) + (-75)/175. Calculate the greatest common divisor of g and c.
14
Let r(u) = 5*u**2 + 47*u - 12. Let j be r(-10). Calculate the greatest common factor of 30 and j.
6
Let k be (9/(-6) - -3) + (-3)/(-2). Suppose -3*u - u - 3*x + 55 = 0, -k*x = u - 7. Calculate the greatest common divisor of 32 and u.
16
Let c = -19 - -16. Let f be (1 - 0)/(c/(-90)). What is the highest common divisor of 30 and f?
30
Let t be (-3)/6 - 91/(-14). Suppose -z + 11 = 4*y, 2*z = -y + z - 1. What is the greatest common divisor of y and t?
2
Suppose -2*j = -33 + 13. Let b(p) = -p + 12. Let z be b(j). Suppose 6*u = -11 + 29. What is the highest common divisor of z and u?
1
Let i be 4 + (-10)/5 + 68. Suppose -4*q - 28 = -5*q. What is the greatest common factor of q and i?
14
Let n be (-2 - 4) + 3 + 147. Suppose 12*d = -7 + 223. What is the greatest common divisor of d and n?
18
Let q(v) = -10*v + 51. Let d be q(0). What is the greatest common divisor of d and 9?
3
Suppose o = -5*x - 8, 2*o - 4*o - 4*x = 4. Suppose -3*j = q - 7, -o*j - 12 = -4*q + 30. What is the highest common diviso